 3*m - 14 = 0. Calculate the remainder when 18 is divided by p.
8
Let r(o) = o**3 + 32*o**2 + 31*o + 65. Suppose 0*g = -3*g + 66. What is the remainder when r(-31) is divided by g?
21
Suppose 0 = -11*r + 874 + 28. What is the remainder when 102 is divided by r?
20
Let t = 2157 - 2155. What is the remainder when 22/4*-1*-2 is divided by t?
1
Suppose 11*l = 5*l + 720. Calculate the remainder when l is divided by 11.
10
Let z(j) = 3*j - 25. Let h be z(9). Calculate the remainder when 84 is divided by 31 - (4/h - 4 - -4).
26
Let c(z) = 28*z - 5. Let u be c(4). Suppose 0 = -3*b - w + 94, 0*b - u = -4*b - 5*w. What is the remainder when b is divided by 6?
3
Let i be (-4)/((-24)/(-10))*-6. Let d(x) = 3*x - 15. Calculate the remainder when 29 is divided by d(i).
14
What is the remainder when 83 is divided by (-476)/(-35) + (-2)/(-5)?
13
Let u = 21 - 21. Suppose u = -0*g - g + 30. Suppose -10*o + 5*o = -g. Calculate the remainder when 16 is divided by o.
4
Let o(y) = -3*y**3 - 2*y**2 + 2*y - 1. Let k(l) = -7*l**3 - 3*l**2 + 4*l - 2. Let c(p) = -4*k(p) + 9*o(p). Calculate the remainder when 31 is divided by c(6).
9
Let h = -674 - -729. Calculate the remainder when h is divided by 20.
15
Let j = -6 - -18. Let q = -145 + 178. Calculate the remainder when q is divided by j.
9
Let z = 59 - 18. Let w = -26 + z. Calculate the remainder when 41 is divided by w.
11
Let z(g) = 162*g**2 - 7*g - 2. Let q(d) = -243*d**2 + 10*d + 3. Let n(k) = -5*q(k) - 7*z(k). What is the remainder when n(1) is divided by 28?
23
Let i = -54 + 32. Let m = -18 - i. Calculate the remainder when (-138)/(-9) - 1/3 is divided by m.
3
Let f be -15*(1/(-3) - 0). Suppose 0 = 7*g - 75 - 23. Calculate the remainder when 167/f + g/(-35) is divided by 9.
6
Suppose -3*k = j - 8, 5*k - 6*j = -j + 40. Suppose -5*i - k*m + 26 = -12, -2*m - 8 = -2*i. What is the remainder when i is divided by 3?
0
Calculate the remainder when 35 is divided by (-45)/3*(1 + 33/(-15)).
17
Let d(z) = -27*z - 149. Calculate the remainder when d(-13) is divided by 34.
32
Suppose 16*j = 13*j + 6. Let i be 4 + (-26)/2 + j. Calculate the remainder when 2/7 - 768/i is divided by 28.
26
Let s(q) = 7*q**2 - 54*q + 297. What is the remainder when s(5) is divided by 105?
97
What is the remainder when (-1)/((-34)/(-136) - (-526)/(-2072)) is divided by 25?
9
Suppose -26 = a - 2*a. Suppose 4*s + 31 = -1. Calculate the remainder when 33/(s/14 + 1) is divided by a.
25
Suppose 23*v - 1047 - 448 = 0. Suppose -5*x - 201 = -4*f - 64, -3*f + 97 = 2*x. What is the remainder when v is divided by f?
32
Let x(k) = 18*k - 33. Calculate the remainder when 25 is divided by x(2).
1
Suppose 2*x - 12 = -4*s, -4*x + 37 = x + 3*s. Let v = 2 + 2. What is the remainder when v/(0 + -1) - -34 is divided by x?
6
Let n(q) = q**2 - 5*q - 1. Let b(u) = -6*u - 9. Let f be b(-8). Suppose 56 = 43*x - f*x. Calculate the remainder when x is divided by n(6).
4
Let k be 11/3 - (-2)/(-3). Suppose 2*m + 4 = k*h + 4*m, -2*m - 20 = -3*h. Let o = 15 - 6. What is the remainder when o is divided by h?
1
Let y(u) = u**3 - 12*u**2 - 10*u - 10. Calculate the remainder when y(14) is divided by 83.
76
Let h(u) = -2*u**3 - 18*u**2 + 20*u + 59. Let g be 2/(-3*4/(-174)). Calculate the remainder when h(-10) is divided by g - 2*(-1 + 0).
28
Let a be (-7 - -7)/(2 + -1). Suppose a = 2*p + 2*p - 2*y - 86, 3*y - 18 = -p. Suppose -k = -p + 1. Calculate the remainder when k is divided by 12.
8
Let t be ((-7)/((-63)/(-366)))/((-16)/24). Suppose 2*x + 5*w = t, x + 7 = 2*w + 3*w. What is the remainder when x is divided by 8?
2
Suppose 0 = -3*f - 0*f. Suppose f = -j + 6*j - 30. Suppose 2*a - 7*a + 80 = 0. Calculate the remainder when a is divided by j.
4
Let h be 4 + (-6)/3 - -3. Suppose -14*q = -13*q - 73. Suppose 5*n + 5*c - 65 = 0, -4*c + c = h*n - q. Calculate the remainder when 63 is divided by n.
12
Calculate the remainder when (6 + -77)*-3 + -2 is divided by 29.
8
Let f = 283 - 281. What is the remainder when 10 is divided by f?
0
Suppose 0 = -4*o + 29 - 25. What is the remainder when 214 is divided by ((-8)/16)/(1*o/(-86))?
42
Suppose k = 6*k - 10. Suppose -3*d = -2*h + 121, -k*d - 2*d - 73 = -h. Calculate the remainder when h is divided by 19.
15
Let q(p) be the second derivative of p**4/12 - 11*p**3/3 + 9*p**2/2 - 2*p + 26. What is the remainder when q(25) is divided by 46?
38
Let z = -3 + 5. Let q be (-32)/(-80) + 133/5. Let b = -21 + q. What is the remainder when b is divided by z?
0
Suppose -5*u = 3*d - 242 + 50, 3*u + d = 112. What is the remainder when 353 is divided by u?
29
Let w be 4 - (2 - (4 + -4)). Let r(a) = 16*a**2 + 2*a - 3. What is the remainder when r(w) is divided by 17?
14
Let y(s) = 5*s**2 - s - 6. Let u be y(3). Suppose -4*b - u = -324. Calculate the remainder when b is divided by 20.
12
Let m = 364 - 354. What is the remainder when 78 is divided by m?
8
Let y = 101 - 88. Suppose 9 - 72 = -m. Calculate the remainder when m is divided by y.
11
Let w = -190 + 335. What is the remainder when w is divided by 37?
34
What is the remainder when 54/9*(-57)/(-2) is divided by 22?
17
Let x = 274 - 257. Calculate the remainder when 60 is divided by x.
9
Calculate the remainder when -4 + (-2)/(-4) + (-153)/(-6) is divided by 6.
4
Let t(x) = x**2 - 2*x + 2. Let k = 915 - 909. Calculate the remainder when k is divided by t(2).
0
Let s = 22 - 26. Calculate the remainder when (-2)/s*(-19 + 6)*-2 is divided by 8.
5
Let b be ((-36)/30 + 2)*(24 + 1). Let f(i) = -i**3 + 21*i**2 - 9*i - 26. What is the remainder when f(b) is divided by 49?
47
Suppose 175 = 5*n - 2*l + 5*l, -4*n + 138 = 2*l. What is the remainder when 59 is divided by n?
27
Let b = -8 + -10. Let a = b + 18. Suppose -2*k + k + 51 = a. Calculate the remainder when k is divided by 13.
12
Suppose -3*a = 2*z - 1, 3 = 3*z + 3*a - 3. Suppose 2*l + 2*g - 204 = 0, z*g = -l - 0*g + 102. Let v = l + -51. What is the remainder when v is divided by 13?
12
Let h(c) = c + 2*c**2 - c**3 + 2*c**2 + 7 + c - 6*c. Let d(i) = -i**3 + i**2 - 1. Calculate the remainder when d(-2) is divided by h(3).
3
Let g = 251 - 242. Calculate the remainder when g is divided by 5.
4
Suppose -7*m - 12 = -3*m. Let b = m - -40. Suppose 2*v + 2*d = d + b, d = v - 11. What is the remainder when 29 is divided by v?
13
Suppose 19*b = 294 + 447. What is the remainder when 115 is divided by b?
37
Let u be 18 - 3/(-6 + 3). Suppose 3*l = 8 + u. What is the remainder when 44 is divided by l?
8
Calculate the remainder when 34 is divided by 6 + -4 + 18 + 4.
10
What is the remainder when (9 + -8)/(4/380) is divided by 52?
43
Suppose w = u + 5, -2*w + 0*w + 4 = u. What is the remainder when -166*-1*(-1)/u is divided by 28?
27
Let g = -25 + 21. Let j(k) = 3*k**2 + 8*k + 6. What is the remainder when j(g) is divided by 8?
6
Let t = -231 + 238. What is the remainder when 174 is divided by t?
6
Suppose 8*s - 13*s + 3 = 2*n, n + s = 9. Calculate the remainder when 109 is divided by n.
11
Suppose 7*q - 7093 = 1692. Suppose -179 - q = -6*h. Calculate the remainder when h is divided by 60.
59
Let u(z) = -z + 7. Let c be u(5). Let j(g) = g + 2. Suppose 2*h + 48 = 4*a, -5*h = a + 7 + 3. Calculate the remainder when a is divided by j(c).
2
Suppose 3*h - 7*q = -10*q + 132, -132 = -3*h - 5*q. What is the remainder when h is divided by 15?
14
Let h(r) = -r + 24. Suppose -3 = z - 4*p, 2*z + 0*z - 4 = 3*p. Suppose 0 = t + z*u - 30, 0*t + 24 = 2*t - 2*u. What is the remainder when 35 is divided by h(t)?
8
Let t be (6/3)/1 - 3. Let y be (2 - 0 - t) + 13. Suppose -y = -0*p + 4*p, -2*d - p - 2 = 0. Calculate the remainder when 2 is divided by d.
0
Let j be (-20)/(-15)*-3 + 5. Calculate the remainder when j*-13*11/(-1) is divided by 37.
32
Suppose -7*b + 77 + 112 = 0. Let k = b + -15. What is the remainder when k is divided by 7?
5
Suppose 759 = 4*p + 5*d + 208, 0 = d + 5. Calculate the remainder when p is divided by 21.
18
Suppose -5 = -3*q + 4. Calculate the remainder when 17 is divided by (-1 - 0) + q + 10.
5
Suppose 0 = 5*f - 3*f - 14. Suppose -235 = -f*d + 2*d. Let h = -19 + d. Calculate the remainder when h is divided by 15.
13
Let u(z) = z**2 + 2*z - 4. Let q be u(-5). Let h = q + -7. Suppose 2*p = -h*j - 0*p + 144, 2*j = 4*p + 62. What is the remainder when j is divided by 19?
